)*(1 + p)?
101
Suppose 4*u = 8, q - 5*u - 10997 = 8455. List the prime factors of q.
2, 37, 263
What are the prime factors of ((-323)/(-38))/17 - (-27549)/6?
2, 7, 41
Let l = 11355 + -8439. List the prime factors of l.
2, 3
Let c = -85 - -93. Let v = -92 + 22. Let l = c - v. What are the prime factors of l?
2, 3, 13
Suppose 0 = 3*m - 1104 - 981. Let v be -3*(3/(-3) - (-32)/48). List the prime factors of v/5 - m/(-25).
2, 7
Let u be 3*(8/24 + 22/(-6)). Let h = u + 18. Suppose -3*n - 49 = -x, 3*x - h*x - 3*n + 155 = 0. List the prime factors of x.
2, 17
Let d(h) = -h**2 - 4*h + 54. Let v be d(0). Suppose v*s - 51*s - 1692 = 0. List the prime factors of s.
2, 3, 47
Let o = 258 + -252. Let q(y) = 3*y**3 + 12*y - 66. List the prime factors of q(o).
2, 3, 109
Let h be ((-4)/6)/(-7*(-5)/(-2100)). Let c = h + 174. List the prime factors of c.
2, 107
Suppose 5*u - 2 - 8 = 4*c, 5*c = -2*u + 4. Suppose u = 2*n - 66. Suppose n = 6*q - 38. List the prime factors of q.
2, 3
Let r be 1513/(-8 + (-102)/(-12)). Suppose -54*k + 71*k - r = 0. What are the prime factors of k?
2, 89
Let y = 17865 - 10105. What are the prime factors of y?
2, 5, 97
Suppose 3*t - 2*z - 3 + 22 = 0, -t = 4*z - 17. What are the prime factors of t*1967/14*-2?
3, 281
Let j be (13 + -14)/(2/(-6)). Let w be 3 - (20/(-30) + (-2380)/j). Suppose -w = -3*n - 233. List the prime factors of n.
2, 47
Let j be 4 + -6 + 2 + 25*1. Let s be (10/j)/((-2)/60*-3). What are the prime factors of 306/4 + (-6)/s?
3, 5
Let q be (12/(-48))/(1/2)*-94. Let b = q - 48. What are the prime factors of 34/(-1 + 0)*(-2 - b)?
2, 17
Let d be 2/(1*6/3). Let o(g) = 201*g**3 + 7*g**2 + 10*g - 2. Let h be o(-2). What are the prime factors of 2*d + h/(-9)?
2, 3, 5
Let i(u) = -3*u - 2. Let c be i(-3). Let w(k) = 6*k**2 - 2*k - 8. What are the prime factors of w(c)?
2, 17
Let r(n) = 17*n**2 + 156*n - 424. What are the prime factors of r(-41)?
21757
Suppose -122 = -7*n + 7312. Let f = 1499 - n. List the prime factors of f.
19, 23
Suppose 2*i = 2*a - 6, 6 = -2*i + a + 1. List the prime factors of (3 - (i - -474))*(1 - 2).
7, 67
Let u = -821 + 829. Suppose 55148 = -u*n + 42*n. What are the prime factors of n?
2, 811
Let p = -7 + 27. Suppose p*u - 3105 - 5315 = 0. List the prime factors of u.
421
Let m(w) = w**3 + 23*w**2 - 50*w + 33. Let a be m(-25). Let u(b) = 11*b - 144. What are the prime factors of u(a)?
3, 73
Suppose 5*i - 5 = -2*z, z + 3*i - 6*i + 3 = 0. Suppose z = 5*f + 5*c - 5015, 1000 = f - 6*c + 10*c. List the prime factors of f.
2, 251
Suppose 1540 = 241*d - 246*d. Let r = 727 + d. What are the prime factors of r?
419
Let f(z) = z**3 - 27*z**2 + 26*z + 2. Let y be f(26). Suppose -5*g = 2*s - 3927, -3*g - y*s = -4*g + 783. List the prime factors of g.
5, 157
Suppose 5 = 5*k, 0*k - 12 = -3*n + 3*k. Suppose 62*b - 4*f = 64*b - 2190, -n*f + 5500 = 5*b. List the prime factors of b.
5, 13, 17
Let b(g) = 31*g + 27 - 56 + 3*g**2 + 51. Let u be b(-17). Suppose -2*f + u - 48 = 0. What are the prime factors of f?
157
Let z = 186 - 181. Suppose -34*i + 33*i + z*m + 55 = 0, 4*m = 5*i - 296. List the prime factors of i.
2, 3, 5
Let k(l) = -9*l - 4. Let i be k(-1). Suppose 7 = 3*j + 1. Suppose a + 15 = j*a - i*z, -2*a + 75 = -z. What are the prime factors of a?
2, 5
Let x(z) = z**3 - 5*z**2 + 9*z - 12. Let y be x(5). Suppose -o - 3*h - y = 0, -3*o + 5*h = -4*o - 33. Let l = o - -77. What are the prime factors of l?
2, 11
Suppose 163 - 19 = -16*r. List the prime factors of (156/r)/(10/(-120)).
2, 13
Let f(j) = -39 + 32*j**3 - j + 5*j**2 + 11 + 24*j**3 + 16 + 9. List the prime factors of f(3).
3, 11, 47
Let u = 6 - -1. Suppose u = o + 5. Let t(v) = 5*v**3 - v**2 - 2*v + 4. List the prime factors of t(o).
2, 3
Suppose -3*s - 1662 = -g + 7910, 0 = 2*g - 4*s - 19136. List the prime factors of g.
2, 5, 239
Suppose -r - 3151 = -4*w, 4*r = 2*w - 808 - 764. Suppose 48 = 2*d - w. What are the prime factors of d?
2, 11, 19
Let i(o) = 71*o**2 - 411*o + 10. What are the prime factors of i(14)?
2, 3, 227
Suppose 3*n + 9 = 3*i, 0*i = i + 3*n + 9. Let t(z) = 14 - 30 - 6*z + i + 3. List the prime factors of t(-18).
5, 19
Suppose 5*i - 15 = 0, -z + 3*z - 3*i = -5. Suppose -273 = -z*w - 3*f, 5*f + 238 = -3*w + 650. Let j = w + 66. List the prime factors of j.
3, 5, 13
Suppose 5*c - 10772 = -4*b, 2953 = 3*b - 4*c - 5095. What are the prime factors of b?
2, 3, 7
Let a(f) = 4*f**2 - 24*f + 52. Let z(c) = 5*c**2 - 24*c + 51. Let x(r) = 4*a(r) - 3*z(r). List the prime factors of x(26).
107
Suppose 0 = -21*m - 84418 + 408322. List the prime factors of m.
2, 241
Let g(h) = 5970*h**2 - 216*h - 215. List the prime factors of g(-1).
7, 853
Let j = -6991 - -9968. Suppose 0 = 2*z + 11*z - j. List the prime factors of z.
229
Let s = 9 - 4. Suppose 3*n + 4*l = s*n - 1122, -546 = -n - 3*l. What are the prime factors of n?
3, 5, 37
Let m = 49 + -47. Suppose -2*p = m*p - 20. Suppose -4*n = 3*z - 319, -p*z - 5*n + 355 = -180. List the prime factors of z.
109
Let p(s) be the third derivative of -31*s**4/12 - 49*s**3/6 - 10*s**2 + 1. List the prime factors of p(-6).
17, 19
Let i be (-94)/(-30) + -3 - (-2)/(-15). Suppose 30*s - 34*s + 704 = i. Suppose s + 159 = 5*a. What are the prime factors of a?
67
Suppose 0 = -2*h - 4*u - 3206 - 1754, 3*h - u + 7412 = 0. Let c = -1756 - h. List the prime factors of c.
2, 179
Suppose z = 4, 4*b = -3*z - z + 780. Let o = b + 561. List the prime factors of o.
2, 47
Suppose -4*f = 33*f - 11*f - 5564. List the prime factors of f.
2, 107
Suppose -28*a + 4*i = -27*a - 21399, 3*a - 64155 = 5*i. List the prime factors of a.
3, 5, 19
Suppose -p - 6 = -2, 0 = 5*k - 4*p - 51. Let d(z) = 41*z + 22. What are the prime factors of d(k)?
3, 103
Let o(s) = 2*s**2 - 64*s - 86. List the prime factors of o(47).
2, 331
Suppose -35*v = -36*v + 293. Let z = 510 + v. Let o = z - 562. What are the prime factors of o?
241
Let u be 30/(-40) + (-66)/8. Let i(m) = 6*m**2 - m + 92. List the prime factors of i(u).
587
Let f be (-5)/((-5)/(-48)) - (-328)/164. Let a(j) = 5*j + 369. What are the prime factors of a(f)?
139
Let l = 1439 + 493. List the prime factors of l.
2, 3, 7, 23
Let v(j) = 109*j**3 + 6*j**2 - 36*j + 192. What are the prime factors of v(5)?
17, 811
Let a = 2455 - 629. Let k = a + -636. What are the prime factors of k?
2, 5, 7, 17
Suppose 0 = -3*t + 3*s + 118452, -2*t + s + 38369 = -40598. List the prime factors of t.
3, 41, 107
Let b = 1202 - 405. Suppose 4*w = 135 + b. List the prime factors of w.
233
Let j = 29744 + -799. List the prime factors of j.
5, 7, 827
Suppose 15*w - 384 = -33*w. Suppose -3*v = -5*c + c - 241, -4*c + w = 0. What are the prime factors of v?
83
Suppose -3*f = -5 - 1. Suppose -4*q = 5*n - f*q + 322, 0 = -n - 2*q - 58. List the prime factors of (-1 + 4)/(-2 - -1) - n.
3, 7
Let t(y) = 17*y + 11. Let d be t(18). What are the prime factors of d + -25 + 1*-1?
3, 97
Suppose 3*b - 146 + 131 = 0. Suppose 0 = n + b*z - 43, 3*z - 8 = -n + 5*z. List the prime factors of n.
2, 3
Suppose -2*w = -11*w + 98550. What are the prime factors of w?
2, 3, 5, 73
Let a = 3282 - 2329. What are the prime factors of a?
953
Let p(m) be the first derivative of m**4/4 + m**3/3 - m**2/2 + 653*m - 306. What are the prime factors of p(0)?
653
Suppose -t + 13 = -2*p, 2*p + 25 = 2*t + 3*t. Suppose 3*x - 2*d = 1507, -t*x - 22 + 1523 = d. List the prime factors of x.
3, 167
Let d(c) = 7438*c**2 + 1607*c - 4832. What are the prime factors of d(3)?
66931
Let m(u) = 35*u + 19. Let f(d) = -3*d + 1. Let y(h) = -5*f(h) - m(h). What are the prime factors of y(-4)?
2, 7
Let h = -12741 - -27203. What are the prime factors of h?
2, 7, 1033
Let x(r) = -r - 1. Let z(a) = -38*a + 4. Suppose 3*q - 9 = -12. Let o(y) = q*z(y) - 6*x(y). List the prime factors of o(2).
2, 3, 5
Let q be (-12)/(-4) + -11 + (-1 - -9). Let j = -28 + 42. Suppose -4*o + 110 = 2*f, o + 5*f - j = -q*o. What are the prime factors of o?
29
Let r = -760 - -2355. List the prime factors of r.
5, 11, 29
Let h(q) = q**3 + 16*q**2 + 20*q + 7. Let n be h(-14). Let j = 163 - n. What are the prime factors of ((9/(-6))/(-3))/1*j?
2, 11
Let y(t) = 47*t**2 + 12*t - 9*t - 2*t + 13*t + 13. List the prime factors of y(-1).
2, 23
Let q(j) be the third derivative of 23*j**4/24 + 14*j**3/3 + 11*j**2. Let r = -187 + 193